2 + 32 + -9
11
Evaluate -3 + 34 + -22 + 11.
20
Evaluate (10 - 1) + (2 - 1) + -169 + 147.
-12
What is 0 - -28 - (15 - (24 + (6 - 25)))?
18
What is 1 + -6 - (11 + (3 - (12 - 3)))?
-10
What is the value of -35 - (0 + -4 - (-82 - -90))?
-23
What is 33 + (8 + 6 - 26) + -2 + 0?
19
7 - 1 - (266 - 273)
13
Calculate -109 + 115 + 0 + -6 + -1.
-1
What is the value of 92 + -32 - 36 - -6?
30
What is 46 - (-44 - -57 - -23)?
10
What is -10 - ((-2 - -2) + -1 - 4) - 26?
-31
Calculate 4 + -2 + 4 + 1 + -9 - 3.
-5
What is the value of -5 - (1 + (-2 - -1)) - (97 - 110)?
8
What is the value of 16 + -1 + 0 + -6 + (7 - 2)?
14
(-8 + (-2 - (-19 + 9)) - 6) + 12
6
Evaluate -2 - (1 + 6) - (-50 + 65 + -26).
2
(35 - (2 + (-1 - 1))) + 275 + -275
35
Evaluate (-9 - -5 - (-10 + 5)) + -8.
-7
Evaluate 32 + (-45 - -23) - 19.
-9
What is the value of (-3 - (-32 - -23)) + 0 + -3?
3
Evaluate -9 + (-12 - ((-3 - -5) + -8)) + 4.
-11
Calculate 32 + -37 + (-3 - -2 - -5).
-1
Calculate -2 - (0 - 1) - (-27 + 40 + -4).
-10
-18 + 19 - (6 + 6 + -23)
12
What is the value of (7 - (2 + 3 + (24 - 29))) + -9?
-2
20 + 9 + 12 + 4 + -32
13
What is -3 + 4 - (34 - 21)?
-12
-13 - -17 - 2 - (-4 - -6)
0
Calculate (1 - (-4 - -1)) + (19 - 31) + 7.
-1
What is the value of 4 - 0 - -2 - (-12 - -13 - 10)?
15
Calculate (37 + -111 - -77) + (-1 - 10 - 1).
-9
What is the value of (-19 - 4) + 2 + 3 + -176 + 170?
-24
What is the value of 7 + ((13 - 10) + 0 - 13)?
-3
What is the value of -2 + 16 - (-9 + 28)?
-5
Calculate 13 + -12 + -13 + 17.
5
Evaluate (-12 - (-12 + 2 + 14)) + 11.
-5
What is (4 - 17) + (12 - 0)?
-1
Evaluate -24 + 19 - (-3 - (7 + 2)).
7
Calculate (-6 - (-5 - -8)) + 4 - 12.
-17
Evaluate 18 - 15 - -19 - 16.
6
What is the value of (9 - (-4 + 0)) + -10?
3
Calculate 12 - (11 - -2 - 8 - (-1 - -9)).
15
Evaluate 24 - (3 + 0) - (-17 + -8 + 30).
16
9 + -3 - 0 - 11 - -8
3
What is 6 + 18 + -5 - -6 - 4?
21
What is 1 - (25 - (14 + -4))?
-14
What is the value of 33 + (22 - 14) + -25?
16
Evaluate (-15 - -5) + -16 + -1 + (0 - -1).
-26
What is -15 - (-1 + -8) - (-1 + -13 + -4)?
12
Evaluate 10 + (-10 - -7) + 2 + -3 + 1.
7
Calculate (58 - 52) + (2 - 8).
0
What is 0 + -10 + (7 + 10 - 10) - -12?
9
Calculate 10 - (31 + -52 - (-18 - -6)).
19
-28 + (10 + -10 - 2 - -8 - 10)
-32
Calculate -3 + -6 + -11 - -11.
-9
Evaluate (-33 - -7) + -5 - (-2 + -9 + 5).
-25
(2 - 0 - 4) + -54 + 44
-12
What is -38 - ((-6 - -4) + -6 + (36 - 32))?
-34
47 - (42 - (-9 + 27))
23
Calculate 4 + -5 + -3 - 3 - (0 - 3).
-4
25 - (38 + (3 - 12))
-4
Calculate 1 + 4 + (10 - (20 - 13)) - 27.
-19
Calculate 15 + -20 + 8 - (-1 + -13 - -1).
16
What is the value of (10 - 7) + (-13 - 2)?
-12
Evaluate 1 + 7 + 25 + (0 - (26 + -9)).
16
Calculate -2 + 16 - (-1 + 2 + (6 - 7)).
14
What is -15 - (19 - (-4 - -23))?
-15
Calculate 7 - (22 + -8) - (69 + -69).
-7
-18 - (4 - (20 - 14)) - -26
10
Evaluate -16 - ((-2 - 7) + (6 - (-19 - -14))).
-18
What is 1 - 5 - (-8 + -3 + 18 + -8)?
-3
Calculate (-3 - (1 + 4)) + 36 + -16.
12
What is the value of 8 - (-72 + 70 - (0 - 4 - -2))?
8
What is the value of -2 + (14 - (-6 - -9)) - -11?
20
(1 - -3) + (6 - -17) - (3 + 0)
24
Calculate (0 - -6) + 6 + -27 - -50.
35
What is -25 + 16 + -3 + 4?
-8
(-3 - 12) + 6 + (-1 - 1 - -3)
-8
(0 - 0 - 2) + -9 + (-11 - -12)
-10
What is -2 - (-2 - -1) - (45 - 52)?
6
Evaluate -24 + -36 + 62 - (7 + (-1 - 0)).
-4
What is 8 + (-37 - (-17 + 17)) + -3?
-32
Calculate (0 - 6 - (38 + -48)) + -11.
-7
Calculate -9 + 2 + (4 - -6) + -4 - -5.
4
What is the value of -2 + (-9 - -5 - 3)?
-9
What is the value of (-22 - -43) + -24 - 3?
-6
What is the value of 9 - 1 - (-39 - (-54 + 10))?
3
(-22 - 0) + (-9 - -23)
-8
8 - (8 - (-5 - -34))
29
Evaluate -88 + 95 + (-2 - 10) + 1 + 1.
-3
Calculate (-2 - 0) + (-159 - -144).
-17
Calculate 4 + (-17 - (2 - 4 - (7 - 4))).
-8
What is 5 + -3 - -1 - (-53 - -42)?
14
What is the value of 16 - (4 + 10 + -7)?
9
Calculate -5 + 19 + -3 + -19.
-8
1334 + -1291 + (0 - -2 - 5)
40
What is the value of (-2 - 1) + (6 + -12 - -13) + -5?
-1
What is 3 + (-2 - 4) - (25 - 21)?
-7
What is the value of -18 + 3 - -23 - -7?
15
60 + -37 - (38 + -1)
-14
What is the value of -13 + 11 + 6 + -1?
3
Evaluate (-2 - -11) + -21 - -7.
-5
What is the value of 9 + -16 - (-10 - (1 - 1))?
3
Calculate 14 - (7 - (7 - 13) - 9).
10
What is the value of (-21 + 11 - -12) + -8 + -1?
-7
Calculate 9 - (-7 + 12 + -6 - 6).
16
What is the value of 15 - ((-1 - -22) + -17)?
11
2 + -6 - (65 + -35 - 26)
-8
What is -40 + -19 + -13 + 70?
-2
Evaluate -24 + 52 + -25 + -24.
-21
Evaluate -11 + -2 + (7 - 9 - -7).
-8
What is the value of -1 + -3 + (-35 + 33 - 5)?
-11
What is 2 + (-7 + 17 - 11)?
1
8 + -10 + 4 + -1 + 7
8
Evaluate (-56 + 65 - (-8 + 0)) + -10.
7
Evaluate (7 - (24 + -5)) + 23 + -8.
3
Calculate 22 - ((12 - 24) + 27).
7
What is 41 - (7 + 15 - -6)?
13
9 - 3 - (-1 + (-2 - 0 - 4))
13
What is (1 + 2 - 2 - (61 + -58)) + 6?
4
Evaluate 221 + -204 + 1 + -11.
7
What is -3 + 6 - (48 + -40 + (-1 - 4))?
0
Evaluate -1 + -21 + 13 + (-20 + 6 - 0).
-23
What is 16 + -22 + 7 + -13 + 4?
-8
Calculate -28 - -41 - ((-8 - -4) + 25).
-8
Evaluate (-14 - -3) + -3 + 11 + (3 - 9).
-9
What is 0 + -7 + (23 - 9)?
7
What is -11 + -4 + (1 - ((-14 - -5) + 5))?
-10
What is 16 + (-5 - 7) - 10?
-6
-14 - ((-25 - -15) + 6) - 2
-12
3 + -5 + (-48 - -29) + 49
28
Evaluate 0 + 1 + 45 - (11 - -2).
33
Evaluate (-2 + -9 - (-19 - -10)) + 9.
7
Evaluate (-7 - -12) + -14 + 19 + -9.
1
What is -3 + (-6 - 2) + (9 - (-30 - -35))?
-7
Calculate 5 + -29 + 8 + 10 - 3.
-9
Evaluate 7 + -7 - (9 + -6 + (2 - -1)).
-6
What is -2 - (0 - (7 - -4 - 4))?
5
What is the value of 1 + -1 + (-3 - 4) + (12 - 13)?
-8
What is the value of -7 + 1 + (25 - (-9 + 9 + 6))?
13
What is the value of (-9 - (-9 - 4)) + -2 + 3?
5
Evaluate 0 + (23 + -18 - (0 + -2)) - 20.
-13
What is the value of (11 - 4 - 5) + -3 - (-3 + -2)?
4
Calculate -26 + -4 + 1 - (6 + -14).
-21
Calculate 15 + ((10 - -1) + -12 - (0 - 3)).
17
-10 + (14 + -4 + -20 - (-1 + -3))
-16
What is the value of 28 - (35 + -58 + 40)?
11
What is the value of 35 + (5 - 49) + 0 + 10?
1
Calculate -27 - -33 - (6 + 7).
-7
-4 - (3 + -11 + 4) - (10 - 16)
6
What is 3 + (14 - (32 - 6))?
-9
What is (19 - -4 - 9) + (-8 - -9) + -13?
2
What is the value of -91 - -92 - (27 + 0)?
-26
Evaluate 9 + (100 - 128) + 2 + 3 + 1.
-13
What is 29 + (13 - 24) - 17?
1
What is the value of 6 - (-5 + 4 - -8) - -12?
11
Calculate (27 - 17 - 11) + -21.
-22
Evaluate 26 + -16 + 13 - 10.
13
Calculate -16 - (3 - (13 + 2)).
-4
What is the value of 1 + -17 - (47 - 61)?
-2
Calculate -49 - -47 - (-9 - 4).
11
Calculate -8 - -33 - (12 - 1).
14
What is 17 + (-29 - -1) + -2 + 1?
-12
What is the value of 5 - (-3 + 22) - 6?
-20
Calculate -8 - (-14 - -13 - 4).
-3
(9 - 5) + -15 + 11
0
What is the value of -5 - ((0 - (-3 - 8)) + 0)?
-16
What is the value of 7 - (-5 + (-7 - -30))?
-11
-22 - (-11 + 15 + 2 + -2)
-26
What is 17 - (3 + -18 - -29)?
3
What is -42 - (48 + -28 - 30)?
-32
-51 + (-26 - -47) + 14
-16
Calculate -6 - (10 - ((13 - 10) + 7)).
-6
-1 + (7 - -13) + -1 + -7 + 1
12
What is the value of (-22 + 25 - 6) + (-13 - (-6 - -3))?
-13
7 - (3 + 4) - (0 - (3 + 4))
7
Calculate (-2 - -3) + 5 + 4 - (1 + -2).
11
Calculate (-49 - -41) + 1 + -5 - (-5 + -1).
-6
What is 29 - 11 - -39 - 20 - (0 - -10)?
27
What is 0 - (-6 - (3 + -14) - 0)?
-5
What is the value of 15 - ((-30 + 1 - 2) + 12)?
34
What is the value of -2283 + 2287 + (1 - 27 - -2)?
-20
What is -69 - (-71 + -2) - (3 + -1 + 0)?
2
What is the value of 24 + (10 - 22) + (-1 - 4)?
7
What is (11 - -1 - 13) + 5 + -3 - -12?
13
Evaluate 14 - (8 + (-7 - -15) + -7).
5
What is the value of -7 - (-21 - -5) - (-8 + 6)?
11
Calculate -19 - (-13 + 12 - 13).
-5
What is the value of (-7 - -17) + -9 + 6 - 13?
-6
29 + -43 - (-33 - -8)
11
What is (1 - 10) + 42 + (29 - 78)?
-16
Evaluate (-11 - 9) + 42 - 9.
13
What is the value of -39 - (-7 - 14) - 9?
-27
Evaluate (-10 - 0 - -14) + (-4 - -31).
31
Evaluate 2 + 0 + 4 + -2 + -1833 + 1840.
11
Calculate -6 + 3 + 36 + -6 + -7.
20
13 + (3 - 5) + -535 + 505
-19
Evaluate -10 - (30 - 22) - -6.
-12
Evaluate -2 + (-5 + 1 + 2 - -1).
-3
Evaluate (-58 - -43) + 1 + -1.
-15
Evaluate 2 + (0 - -1) - (-23 + 19).
7
Evaluate 29 + (12 - (35 + -11)) + (-9 - -1).
9
What is (10 - (14 - 12)) + -12?
-4
(1 - 27) + -80 + 92 + -8
-22
(7 - 6) + 7 + 4 + -2 + -8
2
Calculate (-2 + (